ose 3*k = 7*k - 8. Let j be 2 - (-8)/4 - k. Suppose -3*c + j*p = -123, 0*p + 4*p = 5*c - 207. List the prime factors of c.
3, 13
Suppose -2*h + 5*j + 23 = 0, -2*h + 3*j = -0*h - 29. Let y = 3 + h. What are the prime factors of 737/y - 1/2?
3, 11
Suppose 0 = 2*r - 5*s - 4422, 2214 = 9*r - 8*r - 4*s. List the prime factors of r.
2, 1103
Suppose -3*i + 163 = -5*q + 41, i + 1 = 0. What are the prime factors of 40*q/(-15) - 1/(-3)?
67
Let q = 3 - 10. Let d = 67 + q. Suppose 0 = 3*m + m - d. List the prime factors of m.
3, 5
Let y(d) = -d**3 + d**2 + 15*d - 9. What are the prime factors of y(-7)?
2, 139
Suppose -8*q - 22*q + 18690 = 0. List the prime factors of q.
7, 89
Suppose -3*s + 8*s = 10. Let k(d) = -2*d**s + 5*d**2 - 8*d + 2 + 6 - 4*d**2. What are the prime factors of k(-7)?
3, 5
Let w be 0 + 2 + (-4 - -10). Let t = w - 8. Let v = t + 5. List the prime factors of v.
5
Let x(t) = -t + 8. Suppose 2*y - 3*v = 6, 5*y - 3*v - 6 = -0*y. Let l be x(y). Let z = 1 + l. List the prime factors of z.
3
Let v(p) = -p**3 + 20*p**2 + 25*p + 22. Suppose -8*o + 3*o + 97 = -2*j, 0 = 2*o + j - 46. List the prime factors of v(o).
2, 53
Let i be (5/(-15))/((-1)/42). What are the prime factors of 58/i + 2/(-14)?
2
Suppose -8*t = -4*t - k - 1062, 3*t - 804 = -3*k. List the prime factors of t.
2, 7, 19
Let t(v) = v**3 - 4*v**2 - 4*v - 3. Let l = 1 + 5. Suppose 2*b = l + 4. List the prime factors of t(b).
2
What are the prime factors of -3 + (-15)/(-5) - -1116?
2, 3, 31
Let u = 4 - 4. Suppose -205 = -u*p - 5*p + 4*f, -3*p + 2*f + 125 = 0. What are the prime factors of p?
3, 5
Suppose -16*q = -41*q + 61275. List the prime factors of q.
3, 19, 43
Suppose 5*y - 46*y = -2829. Suppose 2*g + 8 = 0, -3*g - 52 - 90 = -d. Let q = d - y. List the prime factors of q.
61
Let t(f) = f**2 + 25*f + 11. Suppose y = 2*j - 34, 2*y - 9 + 65 = j. What are the prime factors of t(y)?
37
Let l = 8 + 1. Suppose -2*s = -2*t + 3*t - l, 0 = -5*t + 2*s + 9. List the prime factors of t/(-21) - 495/(-35).
2, 7
Let d(k) = -26*k. Let v(q) = -q. Let x(r) = -5*d(r) + 30*v(r). List the prime factors of x(1).
2, 5
Suppose 0 = -3*r + z - 5*z + 794, 2*z = 3*r - 764. List the prime factors of r.
2, 3, 43
Let q(l) = 102*l - 521. What are the prime factors of q(10)?
499
Suppose 258 = 13*l - 2238. List the prime factors of l.
2, 3
Let q(o) = -5*o**3 - o. Let n be q(1). Let s(v) = -v**3 - 7*v**2 - 7*v - 2. Let c be s(n). Suppose 211 + 89 = c*w. What are the prime factors of w?
3, 5
Let h = 58 + -56. Let p = -2 - -4. Suppose 4*m - p*b - 75 = m, h*b + 102 = 4*m. What are the prime factors of m?
3
Suppose 0 = x - f - 18, -x + 3*f = x - 39. Let u = -11 + x. Suppose 2*i = -i + u*m + 46, i = -m + 27. List the prime factors of i.
2, 11
Let w be 1 - (3 + -3)/(-2). Let k be (-12)/4 - -4 - w. Suppose -2*p + 4*p = 4*o - 32, -3*o - 2*p + 10 = k. What are the prime factors of o?
2, 3
Let w = -11 + 21. Suppose -5*v = -0*v - w. Suppose v*b = 14 + 26. What are the prime factors of b?
2, 5
Let h be (-12)/(-10)*(-15)/(-6). Suppose 180 = 2*d + 5*p, 5*d + h*p - 89 = 399. Suppose 4*b + c = 91, 4*b - d = 4*c - 8*c. What are the prime factors of b?
2, 11
Let k = 1484 + 246. What are the prime factors of k?
2, 5, 173
Let h = 792 + -304. What are the prime factors of h?
2, 61
Let l = -27 + 42. What are the prime factors of 5/l - 502/(-6)?
2, 3, 7
What are the prime factors of 2*(-5)/110 + (-17954)/(-22)?
2, 3, 17
What are the prime factors of (-15 + -5)*3/(6/(-50))?
2, 5
Let g(n) = n. Let d be g(4). Let u = 16 - d. What are the prime factors of u?
2, 3
Suppose 3*t + 2*t - 27 = -3*q, 2*q - 22 = -2*t. List the prime factors of q.
2, 7
Suppose -3*f = -6*f + 420. Let s = -15 + f. List the prime factors of s.
5
What are the prime factors of (-5718)/(-14) + 123/(-287)?
2, 3, 17
Suppose -5*f - 2*g + 14 = 35, -5*f + 3*g = 31. Let a = f - -59. What are the prime factors of a?
2, 3
Let u = 26 + -13. Suppose -4*m - t = 1 + u, -4*t - 14 = 2*m. Let r(f) = -8*f. List the prime factors of r(m).
2, 3
Let u(x) = -2*x**2 - 4*x - 31. Let f be u(15). What are the prime factors of f/(-4) + (-3)/12?
3, 5
Suppose -972 = -2*w - w. Let i = w - 224. Suppose -7*u + i = -3*u. List the prime factors of u.
5
Let b(n) = 26*n - 37. What are the prime factors of b(8)?
3, 19
Suppose n + 3*n - 39 = -5*f, 4*n - 9 = 5*f. Suppose -n*q + 5*q = 8. What are the prime factors of (12/q)/(1/(-10))?
3, 5
Let y(r) = 562*r - 133. What are the prime factors of y(4)?
3, 5, 47
Let w be 0/(-2) + -10 + 3. Let f = -2 - w. Suppose -5*r - j = -r - 44, f*j + 20 = 0. What are the prime factors of r?
2, 3
Let t = 3733 - 40. What are the prime factors of t?
3, 1231
Let y = 38 - 94. Let b = -42 - y. What are the prime factors of b?
2, 7
Let b(i) = 5 + 70*i - 35*i + 3 - 37*i. List the prime factors of b(-4).
2
Let q(x) = 63*x - 1. Let r(l) = -l. Let a(c) = -q(c) + 4*r(c). List the prime factors of a(-1).
2, 17
Suppose -9*d + 14*d = 710. Suppose 5*a - d = 83. List the prime factors of a.
3, 5
Let w(g) = g**3 - 2*g**2 + 6*g + 8. Let p(y) = 2*y**3 - 3*y**2 + 12*y + 16. Let c(t) = -4*p(t) + 9*w(t). What are the prime factors of c(8)?
2, 23
Suppose 3*q - 2*l - 1717 = 1670, -3*q = 2*l - 3387. List the prime factors of q.
1129
Suppose w = -w + 14. Suppose -15 = 2*o - w*o. Suppose 3*z = 2*i - 51, o = -i + 3*z + 36. List the prime factors of i.
2, 3
Let f be 3/(-9)*129*-3. Suppose 0 = -j + 4*j - f. What are the prime factors of j?
43
List the prime factors of -2 + 4/2 - (-88550)/115.
2, 5, 7, 11
Let f(s) = -3804*s - 1. List the prime factors of f(-1).
3803
Let a = 0 - -10. Suppose a*h - 14 = 3*h. Suppose -3 + 53 = h*u. List the prime factors of u.
5
Let n be (0 - 1)/((-14)/462). Suppose 34 + 17 = g. Suppose 3*h - n = g. List the prime factors of h.
2, 7
Let p = -70 - -548. Suppose 3*d - m = 3*m + 479, -5*m - p = -3*d. List the prime factors of d.
7, 23
Let t = -18 - 22. Let u be 18 + (-1 - -1 - 6). List the prime factors of -13 + u + t/(-1).
3, 13
Let d(z) = -z**3 + 16*z**2 - 18*z + 10. Let i be (-5)/((-30)/63)*(-12)/(-9). List the prime factors of d(i).
2, 3, 5
Let w = -353 + 2009. What are the prime factors of w?
2, 3, 23
Let i be (0*(0 - 1))/(11 + -9). Suppose i = -2*x + 4*x - 200. What are the prime factors of x?
2, 5
Suppose -3*d = m - 17, 4*d + 2*m - 24 = 2. Suppose -2*c - c = d*r - 339, 0 = -3*r + c + 238. What are the prime factors of r?
3
Suppose -2*v + 4*f = -1524, 1544 = 2*v - f + 2*f. Suppose -r = 6*r - v. What are the prime factors of r?
2, 5, 11
Suppose 0 + 12 = -3*t, 0 = -5*m - 4*t + 2274. List the prime factors of m.
2, 229
Let b be 6/27 - (-68)/18. Suppose 36 = -4*p - a, -4*p - a + 4*a = 20. What are the prime factors of (-99)/(-6) + b/p?
2
Let j(g) = -g**3 + 6*g**2 + 6*g + 4. Let k be j(6). Let s be k/18 + 8/(-36). Suppose -61 = -3*n - s*l, -3*n + 19 = 4*l - 46. What are the prime factors of n?
19
Let h = -180 + 248. What are the prime factors of h?
2, 17
Let w = 22 - 17. Suppose -4*o - 3 = w. List the prime factors of 78/7 - o/(-14).
11
Suppose -9*j = -4*j - 1445. Let i = -127 + j. List the prime factors of i.
2, 3
Let r(v) = 25*v**3 - 6*v**2 + 4*v. Let p(o) = 50*o**3 - 10*o**2 + 7*o. Let m(x) = -3*p(x) + 5*r(x). What are the prime factors of m(-1)?
2, 13
Let d = 1918 + -1453. What are the prime factors of d?
3, 5, 31
Let o = 1510 - -2116. List the prime factors of o.
2, 7, 37
Let d = -46 + 153. Suppose 8*k - 3*o + 279 = 11*k, -3*k + 279 = -5*o. Suppose -5*m + d = -k. List the prime factors of m.
2, 5
Suppose -81 = s - 188. Suppose -s - 349 = -3*f. What are the prime factors of f?
2, 19
Let m be 2/(-6) - (-472)/(-24). List the prime factors of (9/12 - 1) + (-965)/m.
2, 3
Let i = -49 + 24. Let y = 57 + i. What are the prime factors of y?
2
What are the prime factors of (-19240)/(-15) - ((-4)/(-3))/(-4)?
1283
Let k be (20/12 - 1)*3. Suppose k*m = m + 75. Suppose -p - m = -4*p. What are the prime factors of p?
5
Let s(p) = -31*p**3 + p**2 - p + 1. Let v be s(1). Let o = v + 95. What are the prime factors of o?
5, 13
Let p be -1*12/(-4) - -5. Suppose 0*l + 2*l = p. List the prime factors of (152/16)/(2/l).
19
Suppose 0 = -3*y + 3, -m + 589 = -y - 3495. What are the prime factors of m?
5, 19, 43
Let w be ((-2)/(1*-4))/(-1)*18. Let n(j) = -j**2 - 12*j - 3. What are the prime factors o